5. Let h(v) be the third derivative of 11*v**4/24 + v**3/6 - 2*v**2. Calculate h(i).
-10
Let o(i) = -2*i**2 + 4*i + 16. Suppose 4 - 64 = -15*k. What is o(k)?
0
Let v(t) = -9*t**2 + t. Let h be (5/(-10) + 21/10)*-10. Let a be -2*4/h*-2. Determine v(a).
-10
Let g(s) = -s**2 - 10*s + 4. Let k(j) = -j**2 - 10*j + 3. Let f(x) = 6*g(x) - 5*k(x). Give f(-11).
-2
Let j = -15 - -19. Let s(t) = -5*t + 6. What is s(j)?
-14
Let k be -4*2 - (-4)/2. Let j(d) = -d**3 - 5*d**2 + 6*d - 2. Determine j(k).
-2
Let i(p) = -p**2 - 1 - 8 + 6 + 17*p - 10*p. Give i(3).
9
Let f(u) be the third derivative of -29*u**6/120 + u**5/30 - u**4/24 - 12*u**2. Determine f(1).
-28
Let j(c) = -13*c**3 - c**2 + 1. Suppose 2 = 5*a + f + 6, -a - 5*f + 4 = 0. Calculate j(a).
13
Let l(b) = -b**2 - b + 2. Let f(x) = 2*x**2 - 3*x + 3. Let y(a) = f(a) - l(a). What is y(3)?
22
Let d(w) = 6*w - 15. Let x(k) = -4*k + 10. Let l(m) = -5*d(m) - 7*x(m). Determine l(-3).
11
Let j(n) = -n - 10. Let t(g) = 2*g + 11. Let u(m) = 3*j(m) + 2*t(m). Give u(4).
-4
Let w = 52 - 48. Let q(o) = 34*o**3 - 15*o**3 + o**2 - 18*o**3 - 3 - w*o. Give q(-2).
1
Suppose 3*o + 5 = -9*s + 4*s, 22 = 2*o - 3*s. Suppose -4 - 36 = o*i. Let q(w) = -3*w - 7. Let t(u) = -7*u - 15. Let x(v) = -5*q(v) + 2*t(v). Determine x(i).
-3
Let a(c) = -11*c + 13. Let r(z) = -9*z + 12. Let s(d) = 4*a(d) - 5*r(d). What is s(10)?
2
Let f(c) = -10*c - 3. Let m(t) = -t**3 + 18*t**2 + 20*t. Let l be m(-1). What is f(l)?
7
Let j(r) = -r**3 - 4*r**2 + 6*r + 7. Let l be j(-5). Let g(p) = 6 + 2*p**2 + 0*p - 3*p - 5 + p - l*p**3. What is g(1)?
-1
Let j(q) be the second derivative of q**3/6 - 2*q**2 + 386*q. Let a = -1 - -5. Determine j(a).
0
Let o = -585 - -578. Let d(n) = -n**2 - 9*n - 9. Give d(o).
5
Let m(l) = l**2 + 0*l - 3*l + 5*l. Suppose -920*q = i - 919*q - 7, q = -3*i + 11. Calculate m(i).
8
Let f(w) = w - 5. Let b be -10*3*(-3)/15. Let v be 1 + b - (2 - -1). Give f(v).
-1
Suppose -13 = -2*w - 1. Suppose 10*f = 5*z + 5*f - 40, 0 = f. Let x = z - w. Let s(r) = r**3 - 3*r**2 - 2*r. Determine s(x).
-8
Let p(d) = d**2 + 6*d + 3. Let a(w) = w**3 - 20*w**2 - 22*w + 21. Let k be a(21). Suppose 2*o - 4*n + 30 = k, o - 4*o = 3*n. Give p(o).
-2
Let r(h) be the second derivative of h**5/20 + h**4/12 - h**2/2 + 5*h - 3. Give r(0).
-1
Suppose 5*p - 3 - 2 = -n, 0 = 3*p - 2*n - 3. Let z(h) be the second derivative of h**5/20 - h**4/12 + h**3/6 - h. Determine z(p).
1
Let z(i) = -11*i**3 - 13*i**2 - 7*i + 33. Let m(p) = -7*p**3 - 9*p**2 - 5*p + 21. Let d(s) = 8*m(s) - 5*z(s). Determine d(-5).
-22
Suppose 5*c + u - 15 = 0, 3*c + 0*c = -2*u + 16. Let a(o) = o - 3 + 0 + 1. Determine a(c).
0
Let s(k) = -k**3 + 7*k**2 + 3*k + 7. Let t(z) = -z. Let c(g) = -s(g) + 5*t(g). Calculate c(8).
-7
Let x(k) = -9 - 1 - 7 - k + 11. Determine x(-6).
0
Let l(v) be the first derivative of -v**3/3 + v**2 + 6*v + 176. Calculate l(7).
-29
Suppose 3*x + 3*b + 5 = 2, -35 = -5*x + 5*b. Let p(r) = 2*r**2 - 4*r - 5. Give p(x).
1
Let j = -33 + 48. Let y be (-5)/j + 37/3. Let c(n) = -n**2 + 11*n + 10. Let q be c(y). Let a(u) = -u**3 - 4*u**2 - 2*u + 1. Determine a(q).
-3
Let p(i) = i**3 + 10*i**2 - 6*i + 4. Let c(t) = -6*t + 14*t**3 - 13*t**3 + 0*t + 5 + 9*t**2. Let r(x) = -4*c(x) + 3*p(x). Calculate r(-7).
-1
Let n(v) = -3*v**2 + 2*v - 1. Let u = 14 - -1. Let m = u - 13. Suppose -4*y + 0 = -c - 3, -m*y = 3*c - 19. Determine n(y).
-9
Let i = 588 - 593. Let t(f) = f**3 + 8*f**2 + 2*f. What is t(i)?
65
Let v(x) = -x**2 - 13*x - 15. Let w = -693 + 681. Calculate v(w).
-3
Let h(p) be the first derivative of -p**4/4 + 3*p**3 - 7*p**2/2 - 8*p + 25. Give h(8).
0
Let y(r) = -r**3 + 5*r**2 - r - 1. Let s(u) = -u**3 + 18*u**2 + 17*u + 44. Let m be s(19). Suppose -m*c + 44 = 14. Calculate y(c).
-6
Let c(f) = 2*f**3 + 3*f**2 - 4*f. Suppose -20 = 4*i - 5*u - 3, u - 1 = 0. What is c(i)?
-15
Suppose 60*g - 55*g + 45 = 0. Let n(v) = v**3 + 8*v**2 - 7*v + 7. Give n(g).
-11
Let y(t) = -t**2 - 8*t + 6. Suppose -c = 4*c - 2*a + 22, 0 = -4*c - 2*a - 32. What is y(c)?
18
Let z(v) = 3 - v**3 + 3 + v**2 - 1. Let n = 56 - 55. Let f be 21/(-15) + n + (-4)/(-10). What is z(f)?
5
Let t(u) be the first derivative of -2*u**2 - 7*u - 1. Suppose 2*j = 399 - 409. Determine t(j).
13
Let t(w) be the second derivative of -w**4/6 - 2*w**3/3 + 7*w**2/2 + 7*w + 8. What is t(-4)?
-9
Let m be 13/(-4) - 1/(-9 + 5). Let t(r) = 3*r + 10. What is t(m)?
1
Suppose 6*v = 2*v + 16. Let i(a) = a**2 - 17*a - 83. Let s be i(21). Let l(x) = 4*x**2 - 2*x**3 + 0 - s - v*x + 0 + x**3. Calculate l(3).
-4
Let y(z) be the second derivative of z**5/20 - z**4/3 + z**3/3 - 3*z**2/2 - z - 35. Calculate y(3).
-6
Let k(s) be the first derivative of -s - 1/2*s**2 - 7/4*s**4 + 1/3*s**3 + 2. Suppose -3*p + 3*x + 6 = -3, -5*x - 19 = -p. Give k(p).
8
Let o(c) = -c**2 + 7*c - 7. Suppose 0 = n - 3*s - 6, -6 = 4*n + 4*s - 14. Suppose 5*q + n = -3*b + 13, 0 = b + q - 4. Calculate o(b).
3
Let v(a) = a**3 - 8*a**2 + 6*a + 2. Let b(f) be the first derivative of -f**3/3 - 9*f**2/2 - 7*f + 1. Let j be b(-7). Determine v(j).
-5
Let x(y) = -19 + 1 + 18*y - 9*y + 1 - 7*y. Determine x(8).
-1
Suppose -y = -5*y - o + 24, 19 = 5*y + 4*o. Let u(j) = y*j**2 + 8*j**2 - 1 - 12*j**2. Calculate u(-3).
26
Let c(t) = -2 - 3*t - 4*t - 6 + t**2. Let u(i) = -5*i - 33. Let w be u(-8). Suppose -5*l + 7 = -g, -w*l = -5*g - 2*l + 25. Determine c(g).
0
Let o(a) = -a + 1. Let v be o(-1). Let t(m) = 1 - 4*m + m**v - 3 + 0*m. Suppose -24*l + 48 = -15*l + 12. Give t(l).
-2
Let g = 1059/4204 + -2/1051. Let l(o) be the first derivative of -5/3*o**3 + 3/2*o**2 + g*o**4 - o - 4. Determine l(4).
-5
Let b = 305 - 301. Let a(m) be the first derivative of -b - 2*m**3 + 1/4*m**4 + 2*m**2 - 2*m. Determine a(5).
-7
Let z(d) = -d**2 + 5*d + 6. Let i be 1/(-7)*3 + (-8502)/(-91). Let y = i + -87. Calculate z(y).
0
Let x(g) = -36*g**3 - 4*g + 72*g**3 - 34*g**3 - 3 - 2*g**2. Determine x(-2).
-19
Let y(u) = -u**3 + 6*u**2 - 7*u - 1. Let o(b) = -b**2 + 14*b + 20. Let v(l) = l - 36. Let n be v(16). Let i = n + 35. Let d be o(i). Calculate y(d).
-11
Let v = -49 + 62. Suppose 2*k - 3 = -v. Let d(j) = -j**3 - 5*j**2 - j - 3. Calculate d(k).
2
Let o = 745/6 + -124. Let j(l) be the third derivative of 3*l**2 + o*l**3 + 0 + 0*l - 1/30*l**5 + 1/24*l**4. Calculate j(-1).
-2
Let o(g) be the third derivative of 29*g**2 + 0*g + 5/12*g**4 + 0 - 1/2*g**3. What is o(2)?
17
Let m(l) = -57*l**2 - 800*l - 33. Let k be m(-14). Let v(a) = 2 + 4 + 9*a - 3*a + a**2. Determine v(k).
1
Let z(r) = 9*r**3 + 2*r**2 + 5*r - 7. Let g(n) = -5*n**3 - n**2 - 2*n + 3. Let a(o) = -5*g(o) - 2*z(o). Suppose y = -2*y + 3. Calculate a(y).
7
Let n(l) = 135*l - 9 + 9*l**2 - 65*l - 71*l. Let k(q) = -4*q**2 + q + 5. Let x(d) = 7*k(d) + 3*n(d). What is x(7)?
-13
Suppose 0 = -h - 4*l - 7 - 8, l - 15 = -4*h. Let m(y) = -2*y**2 - 26*y - 2*y**2 + 31*y + 0*y - 5 + 3*y**2. Give m(h).
-5
Let o(b) = 3*b + 6*b - b. Suppose -5*f = 6 + 4. Let d be (f/4)/((-7)/14). Give o(d).
8
Let a(o) = 1. Let g(n) = -n. Let y(v) = a(v) + 3*g(v). Suppose 7*x = 2*x + 10. Suppose c + 5*r - 12 = 0, -c - 4*r + 3 = x*c. Calculate y(c).
10
Let z(x) = 6*x + 24. Let f(p) = -3*p - 11. Let u(w) = 5*f(w) + 2*z(w). Calculate u(-4).
5
Let l(r) = 4*r**2 - 17*r + 5*r - 3*r**2 + 20. Calculate l(10).
0
Let y(s) = -s**3 - s**2. Let h be (-1)/(-2 + (-10)/(-4)). Let d be (2 - 3) + (-2 - h). What is y(d)?
0
Let y be (-74)/(-6) + -1 - 19/57. Suppose 48 = y*i - 18. Let h(o) = o**2 - 7*o + 9. Determine h(i).
3
Suppose 10 = 5*j - 0. Let q be 7*3/(21/2). Let l(g) = 2*g - 4*g + g + 0 + 1 + g**q. Calculate l(j).
3
Let c = -653 + 652. Let u(d) = -2*d**3 - 2*d**2 - 4*d + 2. Let l(k) = k**3 + k**2 + 3*k - 1. Let m(h) = 3*l(h) + 2*u(h). What is m(c)?
0
Let p(t) = -8*t + 333 - 173 - 160. What is p(2)?
-16
Let l(f) be the third derivative of f**6/60 - f**5/15 - 2*f**3/3 + 122*f**2. Give l(3).
14
Let t = 88 - 81. Suppose -26 = 3*o + 5*u, 4*o - t*o = -5*u - 14. Let j(d) = 2*d**3 + 2*d**2 + 1. Calculate j(o).
-7
Let h(q) = 2*q - 7. Suppose -166*w = -158*w + 72. What is h(w)?
-25
Suppose 14 = 7*z - 0. Let a(v) = v**2 + 10*v - 5*v - z*v**2. Calculate a(4).
4
Let w(i) = -6*i - 33*i - i**2 + 20*i + 1. What is w(-19)?
1
Let q(k) = -2*k. Let c be 8/(-32) - (-921)/4. Let i = c + -158. Let t be i/84 + (-1)/(-7). Giv